 9) to base 10.
-5915269
Convert -69b78 (base 13) to base 3.
-100210212202
-544b28 (base 13) to base 7
-22561435
Convert -3b077d (base 14) to base 6.
-111401003
Convert -a75b04 (base 12) to base 4.
-22011123310
Convert 131230314 (base 5) to base 9.
1188026
Convert 1303110202 (base 4) to base 15.
94e54
Convert 17546312 (base 8) to base 10.
4115658
Convert 93198 (base 16) to base 8.
2230630
What is 343200404 (base 5) in base 4?
11313121010
-1451345 (base 6) to base 4
-110221301
What is -435430152 (base 6) in base 15?
-a48ee2
39654 (base 12) to base 9
128841
What is -30512240 (base 6) in base 10?
-880512
Convert 1e728 (base 15) to base 8.
302240
What is 102737 (base 10) in base 9?
165832
-3031034 (base 6) to base 10
-144094
544647 (base 15) to base 13
aa7229
What is 103061 (base 8) in base 7?
202104
Convert -111324 (base 5) to base 2.
-111101111100
4949 (base 16) to base 11
13106
188227 (base 12) to base 8
1505477
-1246648 (base 11) to base 15
-2ca461
104310103 (base 5) to base 12
1a4041
-2024434433 (base 5) to base 15
-56b9e8
Convert -430068 (base 9) to base 4.
-332133011
Convert -44581 (base 11) to base 8.
-176106
What is -3634640 (base 7) in base 11?
-296694
-246697 (base 12) to base 14
-115a27
-8570456 (base 9) to base 8
-21412663
Convert -2244565 (base 10) to base 8.
-10437725
Convert 536a09 (base 13) to base 5.
1000111104
-154967 (base 10) to base 16
-25d57
What is 225141 (base 6) in base 8?
45525
-14321143 (base 5) to base 16
-24f7f
What is -7b78e (base 15) in base 9?
-658338
Convert -414513405 (base 6) to base 12.
-2505865
4b28 (base 13) to base 11
8030
Convert 13023101020 (base 4) to base 8.
7132110
Convert 544851 (base 9) to base 12.
138177
162f (base 16) to base 13
277b
What is -202013110 (base 4) in base 16?
-221d4
What is 20356 (base 12) in base 10?
41970
Convert -101010001111101101110 (base 2) to base 5.
-323244202
Convert 11100110101001010 (base 2) to base 5.
12234330
What is 107859 (base 12) in base 4?
1000000011
Convert -8507165 (base 9) to base 12.
-1636328
What is -51220541 (base 6) in base 7?
-15310135
What is 3153022 (base 6) in base 14?
40634
What is -4203341043 (base 5) in base 15?
-b5db33
-15051 (base 6) to base 11
-1899
What is 666908 (base 10) in base 7?
5445224
-190ca4 (base 14) to base 3
-1200000110012
What is -11001100011000010100111 (base 2) in base 5?
-3203302002
Convert 13127 (base 12) to base 6.
320451
Convert -2212000000200 (base 3) to base 2.
-101110010000001011001
What is -42222334 (base 5) in base 12?
-14b576
-10001011111010110111000 (base 2) to base 7
-53654010
1626021 (base 7) to base 14
5c1b8
What is 8508 (base 10) in base 12?
4b10
Convert -31342104 (base 5) to base 9.
-438542
-32542125 (base 7) to base 3
-12021021022120
Convert -7db0e (base 15) to base 4.
-1201311203
-29e170 (base 16) to base 9
-5143003
What is -1746274 (base 8) in base 16?
-7ccbc
What is -10010001101111011 (base 2) in base 8?
-221573
-253330 (base 9) to base 3
-21210101000
What is -21201253 (base 6) in base 12?
-260229
1987027 (base 11) to base 9
6261807
-119296 (base 14) to base 12
-250098
-488565 (base 10) to base 15
-99b60
Convert 27c7b4 (base 16) to base 11.
1520776
What is -1077121 (base 9) in base 2?
-10001110001110101011
What is 2332413 (base 6) in base 9?
204120
Convert -1032411131 (base 5) to base 2.
-1000100000111011101001
Convert fb6e (base 16) to base 4.
33231232
Convert -11222110122 (base 3) to base 7.
-555536
-310223 (base 7) to base 16
-cec9
Convert 2102202222021 (base 3) to base 4.
10330011130
-107605 (base 12) to base 4
-333322211
What is 5143553 (base 8) in base 9?
2504888
2356a (base 15) to base 10
112600
What is -10c0c42 (base 13) in base 11?
-2a12576
What is 223555 (base 10) in base 6?
4442551
What is a42b4 (base 12) in base 10?
214696
What is -5054178 (base 9) in base 5?
-1142134303
Convert 101021221100202 (base 3) to base 10.
5470679
What is adbbe (base 15) in base 8?
2067513
What is 30123330233 (base 4) in base 5?
1313311312
Convert 263a2 (base 11) to base 6.
450423
-10413300 (base 7) to base 3
-1200102211000
Convert -11010010010010011001111 (base 2) to base 6.
-403405223
What is -434000 (base 6) in base 12?
-18900
Convert -5233251 (base 6) to base 4.
-331320133
What is a9dc93 (base 14) in base 11?
32861a7
40562 (base 11) to base 15
12842
466757 (base 13) to base 15
230185
Convert 101111101111001000001 (base 2) to base 5.
400023400
-21202201122201 (base 3) to base 15
-568201
Convert -1211303330 (base 4) to base 14.
-abd92
723527 (base 8) to base 9
404412
2bc6a9 (base 14) to base 11
957411
Convert 11001100111010000101100 (base 2) to base 14.
c6ad2c
Convert 297b6b (base 12) to base 2.
10101010011011000011
Convert 248034 (base 10) to base 11.
15a396
Convert 6e967 (base 16) to base 12.
19a173
What is -1e3bda (base 15) in base 6?
-51424054
What is -2203202232 (base 4) in base 2?
-10100011100010101110
7402442 (base 8) to base 7
22502562
What is 2b9e2 (base 15) in base 4?
202111010
Convert 306ba1 (base 16) to base 7.
35654356
What is -1102022120211 (base 3) in base 10?
-754213
Convert -121211110012 (base 3) to base 11.
-2069a8
Convert -45 (base 11) to base 2.
-110001
Convert -2534211 (base 6) to base 4.
-201130333
-201202001012001 (base 3) to base 8
-50014000
What is 320530 (base 7) in base 9?
84104
-47044 (base 10) to base 6
-1001444
Convert -21020223320 (base 4) to base 16.
-248af8
2171524 (base 8) to base 7
4662101
Convert 19f8f2 (base 16) to base 3.
10012110212212
57aa082 (base 11) to base 15
d55db7
What is -47f703 (base 16) in base 12?
-16b5403
82c0e (base 16) to base 9
1005583
What is 1bcbcc7 (base 13) in base 9?
18413836
What is -1244201034 (base 5) in base 4?
-23320223321
Convert 32151116 (base 7) to base 8.
12336050
Convert -232001333 (base 4) to base 16.
-2e07f
Convert -2d413 (base 14) to base 6.
-2232321
Convert 103144 (base 13) to base 6.
12034301
Convert -1711a8 (base 12) to base 13.
-10b314
1010010111110011101 (base 2) to base 13
bb90a
1111010220221 (base 3) to base 5
200241210
Convert 63d61 (base 15) to base 13.
b1313
234410232 (base 5) to base 6
35220221
Convert 246408 (base 10) to base 5.
30341113
Convert -2053071 (base 10) to base 8.
-7651717
What is -ab239 (base 13) in base 8?
-1135623
Convert 31904 (base 12) to base 5.
4041421
What is 2032320340 (base 5) in base 3?
21212111102221
What is -32417805 (base 9) in base 13?
-3324068
Convert 100100001111110110011111 (base 2) to base 7.
143523643
-2812567 (base 11) to base 13
-100a444
Convert -9752571 (base 10) to base 8.
-45147773
-548796 (base 10) to base 8
-2057674
What is 131424144 (base 5) in base 2?
10011111111001001100
-1322531 (base 6) to base 2
-10001110111110111
Convert 10186563 (base 10) to base 12.
34b3003
What is 21232230221 (base 4) in base 2?
1001101110101100101001
-1011221112122100 (base 3) to base 13
-3695715
75297 (base 13) to base 15
42969
What is -18875752 (base 9) in base 4?
-210131101103
-24420322 (base 5) to base 9
-384040
-6c6b9 (base 15) to base 13
-c1500
-2131333001 (base 4) to base 2
-10011101111111000001
What is 745362 (base 10) in base 7?
6223032
What is -13036702 (base 8) in base 11?
-17003a3
-192434 (base 11) to base 12
-12336b
What is 11124352 (base 6) in base 8?
1224054
Convert 222286 (base 10) to base 16.
3644e
11521400 (base 9) to base 15
7614c0
What is 121203132 (base 4) in base 13?
38847
Convert -255a1a9 (base 11) to base 7.
-52461262
What is -3156733 (base 9) in base 2?
-110011100111000001100
323300133100 (base 4) to base 8
73603720
What is -21313330222 (base 4) in base 12?
-a49b4a
Convert -5204154 (base 7) to base 4.
-2120023113
Convert 17439 (base 11) to base 9.
36524
Convert 37157 (base 15) to base 4.
222322333
What is -41233545 (base 7) in base 16?
-34b3f9
-111001101011110111111 (base 2) to base 13
-5124b0
256063 (base 10) to base 11
165425
What is -4824207 (base 9) in base 13?
-706c7b
What is -1210012022 (base 3) in base 6?
-430355
What is -120323220 (base 4) in base 14?
-29304
Convert -1041001320 (base 5) to base 16.
-22cff4
What is 1636555 (base 8) in base 7?
4014213
What is 12004 (base 8) in base 15?
17b9
What is 260034 (base 7) in base 13?
18b3a
-21885713 (base 9) to base 11
-5aa891a
Convert -10223313 (base 6) to base 7.
-2353161
49cd76 (base 14) to base 11
147a882
1200834 (base 13) to base 6
315222410
What i